
1
Let t(v) = -6*v + 29. Let g be t(5). Let s be (-2 - -2)/(-1 + g). Suppose s*j + 3*h + 6 = -2*j, -4*j = -5*h - 32. What is the units digit of j?
3
Let g(c) = -c**3 - 22*c**2 + 23*c + 4. Let u be g(-23). Suppose 0 = h - 2*o + 109, u*h - 2*o = -h - 505. Let s = h - -249. What is the units digit of s?
0
Let a = -65 + 67. Suppose -x = -4*x - 3, -9 = a*v - 5*x. What is the units digit of 15/(-45) - -116*v/(-6)?
5
Let i = 72473 - 38973. What is the tens digit of i?
0
Suppose -3*n + 7131 = u, -3*u - 138*n + 142*n + 21471 = 0. What is the thousands digit of u?
7
Let g be 44/(-12) + (-9)/((-27)/2). What is the units digit of 384 + (0/(-3))/g?
4
Let i(f) = -11*f**3 - f**2 - 3*f + 2. Let v be i(2). Let w = 267 - v. What is the tens digit of w?
6
Let r(m) be the third derivative of -7*m**6/24 + m**5/20 + m**4/8 - m**3/6 + 176*m**2. What is the tens digit of r(-3)?
6
Suppose -18*a + 243 + 4707 = 0. Let x = a + 244. What is the tens digit of x?
1
Let n(q) = 7*q - 10. Let l be n(2). Suppose 2*f + 2 = l*y, y - 1 = -0*y + f. Suppose y = -6*d - 45 + 351. What is the units digit of d?
1
Suppose -86*b + 150*b = -89*b + 1531377. What is the units digit of b?
9
Suppose 2*a - 46 = o, 5*o + 5*a + 220 + 55 = 0. Let c(r) = -4*r**2 - 2*r - 1. Let s be c(-2). What is the units digit of (-2147)/s + 8/o?
5
What is the tens digit of (1020/150)/(4/5)*1008?
6
What is the hundreds digit of (((-84)/(-9))/(-14))/(2/(-9501))?
1
Suppose -3163*j + 3161*j + 914 = 0. What is the tens digit of j?
5
Let v = -301 - -236. Let o = 130 + v. What is the units digit of o?
5
Suppose -7075*m + 7072*m + 11985 = 0. What is the tens digit of m?
9
Let m(q) = 299*q**2 - 11*q + 63. What is the ten thousands digit of m(-6)?
1
Let t be 9009/22 + 2/(-4). Suppose -2*m = -4*n + m - 538, 0 = 3*n - 5*m + t. Let s = -51 - n. What is the units digit of s?
2
Suppose k - 4*x - 9 = 0, k + x + 2 = 11. Let z be 3*(15/k + 0). Suppose 5*b + 525 = -3*j + z*j, -3*b = -9. What is the units digit of j?
0
Suppose -15*y = -99577 - 97973. What is the hundreds digit of y?
1
What is the hundreds digit of (1147 - -1)/((-27)/(-216))?
1
Suppose -b + 2*b - 114 = 0. Suppose 0 = 3*u + 6*j - 7*j - 627, 15 = 5*j. Let t = u - b. What is the units digit of t?
6
Let p = -2930 - -4559. What is the hundreds digit of p?
6
Let o be (-1816)/(-14) + 2 + (-6)/(-21). Suppose -4*s + o = 7*s. Suppose 2*h + s = 86. What is the tens digit of h?
3
Let a = -2208 - -2228. Let c be 199/(-4) + 2/(-8). Let b = a - c. What is the tens digit of b?
7
What is the hundreds digit of (-102495)/(-17) + 6*(-8)/408?
0
What is the thousands digit of (-232)/406 + (-151292)/(-14)?
0
Let l = -1 + 4. Let m(c) = 2*c**2 - 6*c - 1. Let t be m(l). What is the units digit of (-4)/1 - (t - 6)?
3
Suppose 3*l - 3*t = -9, 5*l + 30 = -0*l + 2*t. What is the units digit of (l + 6)*1042/(-4)?
1
Let f be (15 - -1)*-2 - (2 - 2). Let s be (-184)/f - 1/(-4) - 1. Suppose 0*v - v + 21 = 4*p, 128 = 4*v + s*p. What is the units digit of v?
7
Suppose 2*a + 5 = g - 0, -12 = -3*g + 3*a. Suppose 2*z + 2364 = g*m, 9*z - 4*z - 3152 = -4*m. What is the hundreds digit of m?
7
Suppose 12*w = 7*w + 15. Suppose v - 5 = 4*b - 1, -2*v = -w*b - 3. Suppose 4*q - 4*u - 580 = v, -q - u + 127 + 18 = 0. What is the tens digit of q?
4
Suppose -6*x + 5*x + 20749 = 4*l, -145105 = -7*x - 5*l. What is the units digit of x?
5
Let u(m) = m + 508. Let p = 7 + -7. Let i be u(p). Suppose 6*c - 92 = i. What is the units digit of c?
0
Suppose 0 = 5*g + 5*j - 9 - 16, 4*j - 12 = 0. Let r be g*1 + (-9)/(-6)*-2. What is the units digit of 3/6*(-1 - r) + 23?
3
Let s = -32907 - -61974. What is the units digit of s?
7
Let x(c) = -664*c**3 - 10*c**2 + c + 4. Let u(t) = -664*t**3 - 12*t**2 + t + 5. Let s(g) = 5*u(g) - 6*x(g). What is the hundreds digit of s(1)?
6
Suppose -2*t + 0*t + 0*t = 0. Suppose p - 3*g - 278 = t, 4*g = -p - p + 596. What is the units digit of (12/30)/(2/p)?
8
Let i(h) = 40*h**3 + 13*h**2 + 19*h + 5. Let f(v) = -13*v**3 - 4*v**2 - 6*v - 2. Let n(c) = -7*f(c) - 2*i(c). What is the hundreds digit of n(3)?
3
Suppose -2*n + 21472 = k, -4*k + 21472 = 2*n - k. What is the tens digit of n?
3
Let k = -73203 + 108779. What is the tens digit of k?
7
Suppose -126*x - 43*x + 1759290 = 0. What is the tens digit of x?
1
Suppose 12*u = 13*u + 4*i - 24346, 5*i - 48683 = -2*u. What is the units digit of u?
4
Let b be (2840/16)/((-1)/(-4)). Suppose -270 = -7*a + b. Let k = a + -19. What is the hundreds digit of k?
1
Let v(a) = 2*a**3 + 45*a**2 + 19*a + 32. What is the units digit of v(24)?
6
Let t(m) = -m**3 - 118*m**2 + 284*m - 243. What is the hundreds digit of t(-121)?
3
Suppose -g = 4*g - 3*y - 21, -4*g + 21 = -y. What is the units digit of (-16*1*g)/((-63)/42)?
4
Suppose -s - 212 - 126 = 0. Let n = -607 - s. Let w = n + 542. What is the tens digit of w?
7
What is the units digit of 14416/(-476)*(21861/6)/(-3)?
2
Let z(g) = -g + 3. Let r(v) = -v**2 - 12*v - 24. Let n(b) = r(b) + 5*z(b). Let q = -5 - 9. What is the tens digit of n(q)?
3
Suppose -g = 5*n + 700 - 3636, -2*g + 2 = 0. What is the hundreds digit of n?
5
Suppose 46*d - 189216 = 19*d. What is the units digit of d?
8
Let q be (46/(-1))/((-1)/(-3)). Let o(y) = -3*y**2 + 29*y - 274. Let p be o(8). Let n = q - p. What is the units digit of n?
6
Let h be ((14597/33)/1)/(1/3). Let m = -768 + h. What is the hundreds digit of m?
5
Suppose -39*i + 187468 = -6779 + 21750. What is the hundreds digit of i?
4
Let y = 7769 - 5580. What is the hundreds digit of y?
1
Let x(d) = 3*d + 142. Let l be x(-29). Suppose 21*o = l*o - 33660. What is the units digit of o?
0
Let z be 35/(-21)*((-12)/(-10) + -3). Suppose -32697 = -24*k + z*k. What is the thousands digit of k?
1
Let u(v) = v**2 - 4*v + 1. Suppose q + 83 = 5*q + n, 2*q + 5*n - 19 = 0. Suppose -25*s + 15 = -q*s. What is the units digit of u(s)?
6
Let h be (12/(-16))/((-3)/(-12)) + 756. Let a = 1122 - h. What is the hundreds digit of a?
3
Let u = 98 - 153. Let c = u - -61. Suppose t - 2 - c = 0. What is the units digit of t?
8
Suppose 7 = l + 9. What is the units digit of (-2)/12 + ((-6807)/(-18) - l)?
0
Let x(o) = -38*o - 80. Let y be x(-9). What is the units digit of y + -1 + 1 - 36/(-12)?
5
Suppose 3*b - 3*q = 103716, -3*q - 138283 = -15*b + 11*b. What is the tens digit of b?
6
Suppose -89*h = -87*h - u - 14630, 5*u + 21924 = 3*h. What is the tens digit of h?
1
Let d(u) = -u**3 + 24*u**2 - 3*u + 72. Let s be d(24). Suppose s = -2*j + 8, 16*j + 209 = 3*h + 12*j. What is the units digit of h?
5
What is the thousands digit of (-2288)/24*-165 - 0?
5
Let h = -176 - -176. Suppose -3*w + 24 - 9 = h, -440 = -5*s + 2*w. What is the units digit of s?
0
Suppose -94 = 4*p - w - 418, -3*w - 70 = -p. Let u be (1/(-2))/((-1)/266). Let j = u - p. What is the tens digit of j?
5
Suppose 7*w - 34815 = -3*n + 11*w, -4*n + 46427 = -3*w. What is the units digit of n?
9
Suppose -8 = -4*g + 4*s, 24 = -2*g - 3*s - 2*s. Let w be g*1*(-8 - -5 - -7). Let c(x) = 3*x**2 + 14*x. What is the units digit of c(w)?
0
Suppose 11*q + 55593 = 40*q. What is the hundreds digit of q?
9
Let h be (-23 + 25)*(0 - 4). Let f be (h - (1 + -1))/(5 - 4). What is the units digit of f/(-1*(-4)/(-24))?
8
Let y be -1 + -3 + (-6 - -5). Let x(j) = j + 1. Let v be x(y). What is the tens digit of 77 + 1/1 - v?
8
Let t(l) = -34*l**3 + 2*l**2 + 4*l + 53. What is the tens digit of t(-5)?
3
Suppose 2*m - 2*r = 1 + 5, -5*m = 4*r - 33. What is the tens digit of (2302/m)/(-12 + 248/20)?
5
Let i(u) = u**2 + u - 13. Let g be 2/14 - (-352)/(-112). Let z = g + 9. What is the tens digit of i(z)?
2
Suppose 24*t - 19016 = 16720. What is the hundreds digit of t?
4
Let n(j) be the second derivative of 9*j**3/2 + 233*j**2/2 - 34*j. What is the tens digit of n(20)?
7
Let b(j) = -j**2 + 10*j. Suppose 4*x = -5*k + 34, -4*x - 46 = k - 4*k. Let y be b(k). Suppose 9*q + 2*q - 825 = y. What is the tens digit of q?
7
Let n(g) = -290*g - 141. What is the hundreds digit of n(-10)?
7
Suppose 18*u = 5657 + 26653. Suppose -9*s + 1184 = -u. What is the tens digit of s?
3
Suppose 3*d - 51436 = 5*u, -2*d - u = -28687 - 5634. What is the hundreds digit of d?
1
What is the units digit of (-8)/(-10) - (98/(-735) + (-279722)/30)?
5
Let j be (1*98/(-4) - 4)*-6. Suppose 176*t = j*t. Suppose 3*o - 611 = -4*u,